tor of h and 54.
54
Suppose 0 = 3*z + 2*i - 24, 5*z + 4*i - 12 = 26. Calculate the greatest common divisor of z and 2.
2
Let r be ((-81)/(-12))/(3 + 117/(-40)). Let o(j) = 4*j - 2. Let w = 5 - 2. Let q be o(w). Calculate the greatest common divisor of r and q.
10
Suppose 7*c - 143 = -6*c. What is the highest common factor of 55 and c?
11
Let c(d) = d**3 + 3*d**2 - 9*d + 8. Let q be c(4). What is the greatest common factor of 56 and q?
28
Suppose 2*g + 0 = 132. Calculate the highest common factor of 22 and g.
22
Let n = 225 - 75. Let t = -106 + n. What is the highest common factor of t and 11?
11
Let k be (-14)/(8/(12/(-3))). Suppose y - 132 = -4*t - 4*y, -4*y + 16 = 0. Calculate the greatest common divisor of t and k.
7
Suppose 3*f - 21 = 21. Suppose -2*r - f = -5*t, 0 = 4*t - 10 - 6. Suppose 21 = 2*i - r*u - 15, -3*u - 6 = 0. What is the highest common factor of i and 75?
15
Suppose 99 - 439 = -2*d. Suppose 5*y - d = 80. Let v(t) = 2*t - 8. Let a be v(9). What is the highest common factor of a and y?
10
Suppose -s + 3*s - 2*k = 42, 3*k = 9. Calculate the greatest common factor of s and 40.
8
Let x = 92 + -29. Suppose -n = -4*q - 8 + x, 3*n - 30 = -q. Let b(u) = -3*u**3 - 2*u**2 - 4*u. Let l be b(-3). What is the highest common divisor of q and l?
15
Let s(g) = g**3 + 8*g**2 - 8*g - 8. Let d be (-77)/14 + (-1)/2. Let w be s(d). Suppose -4*c = -w - 284. What is the greatest common factor of c and 9?
9
Suppose -99 = -7*h + 153. Suppose -4*d = 5*g - 63, -d + 3*g + 6 = g. Calculate the highest common divisor of d and h.
12
Suppose k - 14 = 1. Let p be 2 + (-1 - -1) + 1. Suppose p*i + 3*j = 2*i + 75, i + j - 75 = 0. What is the greatest common divisor of i and k?
15
Let x(u) = 3*u**2 + 4*u - 4. Let z be x(-6). Calculate the highest common factor of z and 16.
16
Suppose 0 = -3*n + 8*n - 805. Calculate the greatest common divisor of n and 23.
23
Let h = -13 - -18. Suppose x + 2*s = 52, h*x + 3*s = 80 + 152. What is the greatest common divisor of x and 4?
4
Suppose 0 = -o + 4*o - 15. Suppose 2*s = o*s + v - 365, 4*v + 476 = 4*s. What is the highest common divisor of 11 and s?
11
Let u be (-12)/(-8)*40/6. Calculate the greatest common divisor of u and 2.
2
Let l be ((-1*15)/(-3))/(-1). Let j(a) = -2*a + 5. Let x be j(l). Let o be (-329)/(-2) - (-1)/2. Calculate the highest common factor of o and x.
15
Let s(t) = t**2 - 3*t - 6. Let z be s(8). Let b be -4*3/6 + z. Let x be 48 - (-1 + 0 + 1). What is the highest common factor of x and b?
16
Let g(w) = 0 - w - w - 4 + 3*w**2 - 2*w**2. Let x be g(-3). Calculate the greatest common factor of x and 33.
11
Let t = -22 - -26. What is the highest common factor of t and 8?
4
Suppose -4*q = -16*q + 120. Let s(a) = 30*a**2. Let d be s(-1). What is the greatest common divisor of d and q?
10
Suppose -2*t + 5*h + 24 = 0, 4*t + 2*h + 2*h = 76. Calculate the highest common divisor of t and 119.
17
Let i(d) = 2*d**2 - d - 2. Let s be i(2). Suppose 1 = 5*m - 9. Suppose -m*h + 180 = 3*h. What is the greatest common factor of s and h?
4
Let i = 108 + 2. What is the greatest common factor of i and 22?
22
Let a(s) = s**2 - s - 5. Let j be a(3). Let l be 33*1/3*j. Let t(z) = -44*z. Let y be t(-1). Calculate the highest common factor of y and l.
11
Suppose -4*l - 2*y + 6 = 0, 0*y - y = -3*l + 2. What is the greatest common factor of l and 5?
1
Suppose 1 = 3*w - 2*y, 4*w + 3*y - 6 - 18 = 0. Suppose 0 = -i + 2*i - 33. Calculate the highest common divisor of w and i.
3
Let m be 270/8 - (-4)/16. Let t be (-2 - -1)*(3 - 20). What is the highest common divisor of m and t?
17
Suppose -4*a = 143 - 491. What is the greatest common factor of a and 58?
29
Let x = 2 + -2. Suppose 0 = 3*a + 4*t - 5, -27 = -5*a - x*t - 2*t. Let l(z) = 21*z**3 + z**2 - z. Let n be l(1). What is the greatest common divisor of a and n?
7
Suppose -g - 3*b + 6 = -3*g, 0 = g - 3*b + 9. Calculate the highest common divisor of 3 and g.
3
Suppose u = -5 + 25. Calculate the highest common factor of 8 and u.
4
Let f = 1 + 4. Let j(u) = -u + 9. Let i be j(5). Suppose i*x - 40 = 5*l, -4*x + 3*l - 7*l + 40 = 0. What is the greatest common factor of f and x?
5
Let f = 0 - 1. Let b be 13 - (1*-2 - f). Let a = 1 + 1. What is the highest common divisor of b and a?
2
Suppose 37 - 153 = -4*g. Let d = -34 + 51. Let w = g - d. What is the greatest common divisor of 18 and w?
6
Let n be 15 - (-1)/(-2)*0. Let i(m) = -m**3 - 3*m**2 + 8*m. Let u be i(-6). What is the highest common divisor of u and n?
15
Let x(a) = 5*a + 1. Suppose 5*s = 6*s - 7. Let i = s - 6. Let v be x(i). Calculate the greatest common divisor of v and 54.
6
Let c(v) = -v**3 + 8*v**2 - 5*v - 4. Let g be c(7). Calculate the highest common divisor of 2 and g.
2
Let c = 112 + -111. Calculate the highest common factor of 9 and c.
1
Let g(t) = t**3 + 2*t**2 + t + 1. Let i be g(-1). Suppose -7*r = -5*r - 4. Let a be (-52)/(-16) + r/(-8). What is the highest common divisor of i and a?
1
Suppose -5*x + 34 = 2*p, 0*p + 4*p = x + 24. Let r = -10 + 59. What is the highest common factor of r and p?
7
Let s = 0 + 0. Suppose 0 = -2*l - 42 - s. Let t = -9 - l. Calculate the greatest common factor of 24 and t.
12
Suppose -5*a - 3*b + 432 = 0, -4*a + 436 = a + 4*b. What is the greatest common divisor of a and 12?
12
Let z be 4 + (-4)/(8/(-6)). Let b(n) = -n**3 + 8*n**2 - 6*n + 6. Let p be b(z). What is the highest common factor of p and 13?
13
Suppose k = 11 - 4. Let g(w) = -5*w**2 - w. Let s be g(-1). Let p be (3 + -4 - s) + 60. What is the highest common divisor of p and k?
7
Let u(t) = -2*t**2 - 12*t - 2. Let k be u(-5). What is the highest common divisor of 4 and k?
4
Suppose 2*k + 6 = 0, 4 = 4*c - 0*k - 4*k. Let f = c - -5. Suppose -f*h - h = -104. Calculate the highest common factor of 39 and h.
13
Suppose 3*k - 2*y - 219 = 0, -2*k + 3*y + 216 = k. Suppose 3*n = -9, 62 = 3*d - n + 14. Calculate the greatest common divisor of d and k.
15
Let k = 115 + -40. Calculate the greatest common factor of 30 and k.
15
Let s be (6/(-15))/((-1)/10). Suppose -1 = h + s*q, -3*q - 5 = 3*h - 2. Let g be (-1)/(h/(-2))*-7. Calculate the greatest common factor of g and 2.
2
Suppose -h + 4*h + 3*v + 3 = 0, -2*v = h + 5. Let f = 1 + 2. What is the highest common factor of f and h?
3
Suppose 6*i - i - 295 = 0. Suppose -7 = -2*x - 129. Let o = i - x. Calculate the greatest common divisor of o and 15.
15
Let l(s) = 2*s - 7. Let f be l(5). Let q be 40/f*(2 - -1). Calculate the highest common divisor of q and 10.
10
Let x = -21 + 39. Calculate the highest common divisor of x and 18.
18
Let u be (-6)/21 - 74/(-14). Let v = 2 - 2. Let b be 50 - ((1 - 1) + v). What is the highest common factor of b and u?
5
Let p be (-7 + 4)/(1/24*-2). Calculate the greatest common divisor of 9 and p.
9
Let a(n) = -3*n**2 + 17*n - 5. Let d be a(5). Suppose 2*q + q - 6 = 0. Suppose 0*m + q*m - 30 = 0. Calculate the greatest common divisor of d and m.
5
Let y(w) = -10*w + 5. Let g be y(-2). Let b = g + -3. What is the highest common factor of b and 110?
22
Suppose -39 = -5*g - 14. Suppose 0 = g*z + 1 - 56. Suppose 0 = 2*v - 4*v + 242. Calculate the highest common factor of v and z.
11
Suppose -2*y = 3*y - 45. Suppose -2*q = -y - 9. Let r be 578/q + (-2)/9. Calculate the highest common divisor of 16 and r.
16
Suppose 7*l = 11*l - 200. What is the greatest common factor of 20 and l?
10
Suppose 5*o = 164 + 111. What is the greatest common divisor of o and 5?
5
Suppose -9 = -j - 1. What is the greatest common divisor of j and 40?
8
Let l(y) = -y**3 - 3*y**2 + 5*y - 1. Let h be l(-4). Let n be h + 76 + (1 - 2). What is the highest common divisor of 10 and n?
10
Suppose 2*a + 18 = 2*h + 4*a, -5*a - 39 = -2*h. Calculate the highest common divisor of 4 and h.
4
Let b be 1 + 0 + 0 + -1. Suppose -2*i + 0*i + 10 = b. What is the highest common factor of 55 and i?
5
Let k(q) = -41*q + 2. Let w be k(-2). Suppose 46 = 3*h + 10. What is the greatest common divisor of w and h?
12
Let y(t) = 7*t**2 + 6*t + 2. Let a be y(-4). Suppose 0*c + a = 2*c. Let z(j) = 2*j**2 + 1. Let h be z(2). What is the highest common divisor of h and c?
9
Suppose -7*r + 183 = 43. What is the highest common factor of r and 100?
20
Suppose 4*c = 5*q - q + 24, 0 = 5*q + 20. Suppose 3 = 5*z - c. Let h be ((-2 